{"id":1952,"date":"2019-08-25T22:37:51","date_gmt":"2019-08-26T01:37:51","guid":{"rendered":"http:\/\/osulemcima.com\/blog\/?page_id=1952"},"modified":"2020-05-03T19:51:58","modified_gmt":"2020-05-03T22:51:58","slug":"mosquitoesquisito","status":"publish","type":"page","link":"https:\/\/osulemcima.com\/blog\/mosquitoesquisito\/","title":{"rendered":"Mosquitoesquisito"},"content":{"rendered":"<p><img loading=\"lazy\" decoding=\"async\" class=\"alignleft wp-image-2181 size-medium\" src=\"http:\/\/osulemcima.com\/blog\/wp-content\/uploads\/2019\/08\/Mosquisito-Esquisito-300x240.jpg\" width=\"300\" height=\"240\" srcset=\"https:\/\/osulemcima.com\/blog\/wp-content\/uploads\/2019\/08\/Mosquisito-Esquisito-300x240.jpg 300w, https:\/\/osulemcima.com\/blog\/wp-content\/uploads\/2019\/08\/Mosquisito-Esquisito-768x614.jpg 768w, https:\/\/osulemcima.com\/blog\/wp-content\/uploads\/2019\/08\/Mosquisito-Esquisito-1024x819.jpg 1024w, https:\/\/osulemcima.com\/blog\/wp-content\/uploads\/2019\/08\/Mosquisito-Esquisito-900x719.jpg 900w, https:\/\/osulemcima.com\/blog\/wp-content\/uploads\/2019\/08\/Mosquisito-Esquisito.jpg 1276w\" sizes=\"auto, (max-width: 300px) 100vw, 300px\" \/><\/p>\n<div class=\"gmail_default\"><span style=\"font-family: 'comic sans ms', sans-serif;\">Do livro &#8220;<strong>O MOSQUITO ESQUISITO e outros bichos<\/strong>&#8221;\u00a0<\/span><\/div>\n<div class=\"gmail_default\"><span style=\"font-family: 'comic sans ms', sans-serif;\">M\u00fasica e texto: Kleiton Ramil<\/span><\/div>\n<div class=\"gmail_default\"><span style=\"font-family: 'comic sans ms', sans-serif;\">Ilustra\u00e7\u00f5es: Carlota Flieg<\/span><\/div>\n<p><audio class=\"wp-audio-shortcode\" id=\"audio-1952-1\" preload=\"none\" style=\"width: 100%;\" controls=\"controls\"><source type=\"audio\/mpeg\" src=\"http:\/\/www.osulemcima.com\/songs\/Dan\u00e7adoMosquitoMixFinal.mp3?_=1\" \/><a href=\"http:\/\/www.osulemcima.com\/songs\/Dan\u00e7adoMosquitoMixFinal.mp3\">http:\/\/www.osulemcima.com\/songs\/Dan\u00e7adoMosquitoMixFinal.mp3<\/a><\/audio><\/p>\n<p>&nbsp;<\/p>\n","protected":false},"excerpt":{"rendered":"<p>Do livro &#8220;O MOSQUITO ESQUISITO e outros bichos&#8221;\u00a0 M\u00fasica e texto: Kleiton Ramil Ilustra\u00e7\u00f5es: Carlota Flieg http:\/\/www.osulemcima.com\/songs\/Dan\u00e7adoMosquitoMixFinal.mp3 &nbsp;<\/p>\n<a href=\"https:\/\/osulemcima.com\/blog\/mosquitoesquisito\/\" class=\"more-link\">Read More<\/a>","protected":false},"author":1,"featured_media":1959,"parent":0,"menu_order":0,"comment_status":"closed","ping_status":"closed","template":"","meta":{"footnotes":""},"class_list":["post-1952","page","type-page","status-publish","has-post-thumbnail","hentry"],"_links":{"self":[{"href":"https:\/\/osulemcima.com\/blog\/wp-json\/wp\/v2\/pages\/1952","targetHints":{"allow":["GET"]}}],"collection":[{"href":"https:\/\/osulemcima.com\/blog\/wp-json\/wp\/v2\/pages"}],"about":[{"href":"https:\/\/osulemcima.com\/blog\/wp-json\/wp\/v2\/types\/page"}],"author":[{"embeddable":true,"href":"https:\/\/osulemcima.com\/blog\/wp-json\/wp\/v2\/users\/1"}],"replies":[{"embeddable":true,"href":"https:\/\/osulemcima.com\/blog\/wp-json\/wp\/v2\/comments?post=1952"}],"version-history":[{"count":7,"href":"https:\/\/osulemcima.com\/blog\/wp-json\/wp\/v2\/pages\/1952\/revisions"}],"predecessor-version":[{"id":2192,"href":"https:\/\/osulemcima.com\/blog\/wp-json\/wp\/v2\/pages\/1952\/revisions\/2192"}],"wp:featuredmedia":[{"embeddable":true,"href":"https:\/\/osulemcima.com\/blog\/wp-json\/wp\/v2\/media\/1959"}],"wp:attachment":[{"href":"https:\/\/osulemcima.com\/blog\/wp-json\/wp\/v2\/media?parent=1952"}],"curies":[{"name":"wp","href":"https:\/\/api.w.org\/{rel}","templated":true}]}}